?
False
Is 632005007 a composite number?
False
Is 253759841 a composite number?
False
Is 24206470567 prime?
False
Is 144931819 a prime number?
True
Is 10097628911 a prime number?
True
Is 11412098251 prime?
False
Is 11708132243 a composite number?
False
Is 3724775801 prime?
False
Is 64149977471 prime?
True
Is 151105669103 a prime number?
False
Is 916579997 a prime number?
True
Is 664644367 composite?
False
Is 7705902319 a composite number?
False
Is 2508568981 prime?
False
Is 12115882211 prime?
False
Is 3424443661 a prime number?
True
Is 13824662717 a composite number?
False
Is 13966944457 a prime number?
False
Is 10169378117 prime?
True
Is 1439762837 composite?
False
Is 1191204617 prime?
True
Is 2318773279 a prime number?
True
Is 347228593 prime?
True
Is 2194642343 prime?
True
Is 782617499 composite?
False
Is 779829403 a composite number?
True
Is 524012693 prime?
True
Is 546679541 a composite number?
False
Is 2843411345 prime?
False
Is 21282990791 prime?
False
Is 19195434719 a prime number?
True
Is 160325377 a prime number?
True
Is 4009635373 composite?
False
Is 38995213583 a prime number?
False
Is 520566089 composite?
False
Is 3304849573 composite?
False
Is 141843464227 a prime number?
True
Is 6322785611 a composite number?
False
Is 26523144719 composite?
True
Is 26586315673 a prime number?
False
Is 7361023931 a prime number?
False
Is 7124869361 composite?
True
Is 1425685879 a composite number?
False
Is 99774193 composite?
False
Is 1795606541 a prime number?
False
Is 1071499271 composite?
True
Is 70041068947 prime?
False
Is 31506571763 a composite number?
True
Is 3301285321 composite?
True
Is 5740780307 a prime number?
True
Is 1281422741 prime?
True
Is 4269314239 a composite number?
False
Is 53370465583 a composite number?
False
Is 1052130734 composite?
True
Is 443959117447 a prime number?
True
Is 4267707041 prime?
False
Is 33549419 a composite number?
True
Is 3602824987 composite?
False
Is 7674235733 a prime number?
True
Is 6054502535 a composite number?
True
Is 332391634907 prime?
False
Is 693412553 a prime number?
True
Is 18447948313 a prime number?
False
Is 197391643 a prime number?
True
Is 481023547 composite?
True
Is 88474329653 composite?
False
Is 847432063 composite?
True
Is 18320949379 composite?
False
Is 3587899417 a composite number?
False
Is 2103420743 a prime number?
True
Is 56063740351 composite?
False
Is 7885276577 composite?
False
Is 16354946723 a prime number?
False
Is 1208281507 a prime number?
False
Is 2595925261 a composite number?
False
Is 9522756673 a prime number?
True
Is 43650676853 a prime number?
False
Is 187357128799 prime?
False
Is 84471938389 composite?
True
Is 11592800171 composite?
False
Is 625189651 a prime number?
True
Is 6769681783 a prime number?
False
Is 3167655263 a composite number?
False
Is 2830853419 a composite number?
False
Is 2222222591 prime?
False
Is 11757675859 a prime number?
True
Is 76932138299 composite?
False
Is 478358981 composite?
False
Is 268108303 composite?
True
Is 622281213533 a prime number?
False
Is 5536813409 a prime number?
True
Is 29591065627 prime?
False
Is 939143581 composite?
True
Is 13964196869 composite?
True
Is 2051740853 a composite number?
False
Is 3060852149 prime?
False
Is 974236693 prime?
True
Is 68107123541 a prime number?
True
Is 19574554049 composite?
False
Is 462591799 a prime number?
True
Is 359044699 a prime number?
False
Is 5287491397 a composite number?
True
Is 6525512239 composite?
False
Is 26475946069 a composite number?
False
Is 151741334921 composite?
True
Is 134991758591 a composite number?
True
Is 115600831 composite?
False
Is 164288983 a composite number?
False
Is 978897659 a prime number?
False
Is 259749485 a composite number?
True
Is 57246413817 composite?
True
Is 358596817 composite?
False
Is 39138374653 prime?
False
Is 4544328673 prime?
False
Is 667192117 a composite number?
True
Is 5384894983 prime?
False
Is 989616137 a composite number?
True
Is 4207199753 a composite number?
False
Is 35835609259 prime?
True
Is 64067047153 prime?
False
Is 43429364614 composite?
True
Is 2316224509 a prime number?
False
Is 1043790817 a prime number?
False
Is 47278277197 a prime number?
False
Is 108151490207 composite?
True
Is 2883680881 prime?
True
Is 22422216823 prime?
True
Is 51887966309 prime?
True
Is 1627369123 composite?
False
Is 6351818017 prime?
False
Is 655520023 composite?
False
Is 82890421297 composite?
True
Is 566959397 prime?
True
Is 27146967241 prime?
True
Is 14017814099 composite?
False
Is 532412417 a composite number?
False
Is 92209027 prime?
True
Is 15483850933 a composite number?
False
Is 21642307 a prime number?
True
Is 7232455771 prime?
True
Is 15003905701 a prime number?
True
Is 46322409467 composite?
False
Is 681072859 a composite number?
True
Is 1493482649 composite?
True
Is 479127863 composite?
True
Is 5843665111 a prime number?
False
Is 1302714067 a prime number?
False
Is 10940959 prime?
True
Is 13617283517 a composite number?
False
Is 100916381 composite?
False
Is 18936422321 composite?
False
Is 510488071 a composite number?
False
Is 2525941529 a composite number?
True
Is 1918736539 prime?
False
Is 332742337 composite?
False
Is 925191961 a prime number?
False
Is 43404456949 a composite number?
True
Is 50627197 a prime number?
True
Is 170557585151 a composite number?
False
Is 7679506057 prime?
True
Is 94253597 composite?
False
Is 1154677343 a composite number?
True
Is 206019623 composite?
False
Is 4221795709 prime?
False
Is 7301631457 composite?
False
Is 700334023 a prime number?
False
Is 1777697767 composite?
True
Is 2882148449 composite?
False
Is 2865468187 a composite number?
False
Is 3550608283 composite?
False
Is 9683494853 composite?
False
Is 20439523921 a prime number?
True
Is 28354703479 a composite number?
True
Is 23024358881 a composite number?
True
Is 207635674801 a prime number?
False
Is 1810907531 a prime number?
False
Is 1362503083 a composite number?
False
Is 382918433 composite?
True
Is 7309063733 a prime number?
True
Is 38426937985 composite?
True
Is 20916788521 composite?
True
Is 34991408069 a prime number?
False
Is 12340792069 a composite number?
True
Is 4740344527 a prime number?
True
Is 944090317 a composite number?
True
Is 3303526859 a composite number?
False
Is 260594533 a composite number?
True
Is 70440436279 composite?
True
Is 343735397 a prime number?
True
Is 13994928161 prime?
False
Is 29722546877 a composite number?
False
Is 8965981859 a composite number?
True
Is 40600049251 prime?
False
Is 433641841 prime?
False
Is 14103438023 prime?
True
Is 1024082947 a prime number?
True
Is 1944302819 a composite number?
True
Is 24100003 a prime number?
True
Is 2175435233 a prime number?
True
Is 320027341 prime?
False
Is 30680071991 a prime number?
True
Is 1519189253 a composite number?
True
Is 34002863 prime?
True
Is 39919410103 a composite number?
True
Is 7984841131 prime?
False
Is 699109823 composite?
False
Is 900833621 a composite number?
True
Is 2096142437 a composite number?
False
Is 10690633871 composite?
False
Is 9221712089 a composite number?
True
Is 3753489809 a prime number?
True
Is 1947539809 composite?
True
Is 1248856729 composite?
False
Is 8538289567 prime?
True
Is 516966041 a composite number?
True
Is 764784733 prime?
False
Is 2135270351 a composite number?
False
Is 61456999 prime?
True
Is 244270934339 a composite number?
True
Is 37627542793 a composite number?
True
Is 128468099 prime?
False
Is 16221862079 a composite number?
False
Is 94157623171 a composite number?
False
Is 404820001 composite?
True
Is 99850357 prime?
False
Is 32996058437 prime?
True
Is 4052466331 prime?
True
Is 248491717 prime?
True
Is 3095089594 composite?
True
Is 29535495019 prime?
False
Is 58450683163 prime?
True
Is 4123702301 composite?
False
Is 13863951691 a prime number?
True
Is 1057278479 a composite number?
False
Is 97704800941 a composite number?
True
Is 36552886822 prime?
False
Is 5544528259 a prime number?
True
Is 1459824347 composite?
True
Is 22983712681 prime?
True
Is 358172501 prime?
False
Is 772060417 a prime number?
False
Is 910426969 composite?
True
Is 66990647 a prime number?
True
Is 667810951 composite?
False
Is 1036029337 a composite number?
True
Is 8777551469 composite?
True
Is 199763023 a composite number?
False
Is 334792780